{"id":101,"date":"2018-10-25T15:32:34","date_gmt":"2018-10-25T13:32:16","guid":{"rendered":"http:\/\/la-revolution-therapie.universcghe.fr\/cghe-dt\/?page_id=101"},"modified":"2018-11-15T21:23:14","modified_gmt":"2018-11-15T20:23:14","slug":"formations","status":"publish","type":"page","link":"https:\/\/la-revolution-therapie.universcghe.fr\/cghe-dt\/formations\/","title":{"rendered":"Formations"},"content":{"rendered":"<p><img fetchpriority=\"high\" decoding=\"async\" class=\"alignnone wp-image-638 size-full\" src=\"http:\/\/la-revolution-therapie.universcghe.fr\/cghe-dt\/wp-content\/uploads\/sites\/12\/2018\/10\/La-Formation.png\" alt=\"\" width=\"1416\" height=\"322\" srcset=\"https:\/\/la-revolution-therapie.universcghe.fr\/cghe-dt\/wp-content\/uploads\/sites\/12\/2018\/10\/La-Formation.png 1416w, https:\/\/la-revolution-therapie.universcghe.fr\/cghe-dt\/wp-content\/uploads\/sites\/12\/2018\/10\/La-Formation-300x68.png 300w, https:\/\/la-revolution-therapie.universcghe.fr\/cghe-dt\/wp-content\/uploads\/sites\/12\/2018\/10\/La-Formation-768x175.png 768w, https:\/\/la-revolution-therapie.universcghe.fr\/cghe-dt\/wp-content\/uploads\/sites\/12\/2018\/10\/La-Formation-1024x233.png 1024w\" sizes=\"(max-width: 1416px) 100vw, 1416px\" \/><\/p>\n<p>Apr\u00e8s avoir (Re) trouv\u00e9 l\u2019\u00c9quilibre et la Ma\u00eetrise de Vos Automatismes Inconscients&#8230; Il est bon de poursuivre Votre Chemin&#8230; En adoptant en toute Conscience&#8230; Une Philosophie de Vie qui Vous Offre une Vision Riche et Stimulante au Quotidien\u2026Qui Allie le C\u0153ur&#8230; Le Cerveau et le Corps&#8230; Le tout Reli\u00e9 \u00e0 une \u00c9chelle Humanitaire et Plan\u00e9taire\u2026<\/p>\n<p>C\u2019est Apprendre \u00e0 Cr\u00e9er Votre R\u00e9alit\u00e9 au Quotidien dans le Respect d\u2019une \u00c9chelle Humanitaire\u2026Universelle et Plan\u00e9taire\u2026<\/p>\n<p>Le Monde de Votre \u00c9volution\u2026<\/p>\n<p>&nbsp;<\/p>\n<p>Nous Vous Proposons\u00a0:<\/p>\n<ul>\n<li>Des Formations Professionnelles en Hypnose Ericksonienne et Humaniste et D\u00e9tachement de Traumatismes\u00ae<\/li>\n<li>Des Stages<\/li>\n<li>Des Ateliers PNL<\/li>\n<\/ul>\n<p><a href=\"https:\/\/martine-clavelli.youcanbook.me\/\">Renseignements Formations: prenez un RDV t\u00e9l\u00e9phonique avec Martine Clavelli<\/a><\/p>\n","protected":false},"excerpt":{"rendered":"<p>Apr\u00e8s avoir (Re) trouv\u00e9 l\u2019\u00c9quilibre et la Ma\u00eetrise de Vos Automatismes Inconscients&#8230; Il est bon de poursuivre Votre Chemin&#8230; En<\/p>\n","protected":false},"author":1,"featured_media":0,"parent":0,"menu_order":0,"comment_status":"open","ping_status":"closed","template":"","meta":{"footnotes":""},"class_list":["post-101","page","type-page","status-publish","hentry"],"aioseo_notices":[],"_links":{"self":[{"href":"https:\/\/la-revolution-therapie.universcghe.fr\/cghe-dt\/wp-json\/wp\/v2\/pages\/101","targetHints":{"allow":["GET"]}}],"collection":[{"href":"https:\/\/la-revolution-therapie.universcghe.fr\/cghe-dt\/wp-json\/wp\/v2\/pages"}],"about":[{"href":"https:\/\/la-revolution-therapie.universcghe.fr\/cghe-dt\/wp-json\/wp\/v2\/types\/page"}],"author":[{"embeddable":true,"href":"https:\/\/la-revolution-therapie.universcghe.fr\/cghe-dt\/wp-json\/wp\/v2\/users\/1"}],"replies":[{"embeddable":true,"href":"https:\/\/la-revolution-therapie.universcghe.fr\/cghe-dt\/wp-json\/wp\/v2\/comments?post=101"}],"version-history":[{"count":0,"href":"https:\/\/la-revolution-therapie.universcghe.fr\/cghe-dt\/wp-json\/wp\/v2\/pages\/101\/revisions"}],"wp:attachment":[{"href":"https:\/\/la-revolution-therapie.universcghe.fr\/cghe-dt\/wp-json\/wp\/v2\/media?parent=101"}],"curies":[{"name":"wp","href":"https:\/\/api.w.org\/{rel}","templated":true}]}}