{"id":2,"date":"2018-10-25T11:44:34","date_gmt":"2018-10-25T09:44:01","guid":{"rendered":"http:\/\/la-revolution-therapie.universcghe.fr\/cghe-dt\/?page_id=2"},"modified":"2018-11-04T17:17:00","modified_gmt":"2018-11-04T16:17:00","slug":"accueil","status":"publish","type":"page","link":"https:\/\/la-revolution-therapie.universcghe.fr\/cghe-dt\/","title":{"rendered":"Accueil"},"content":{"rendered":"<p>Bons Jours et Bienvenue<\/p>\n<p>C&rsquo;est avec Plaisirs que je vous pr\u00e9sente l&rsquo;\u00e9quipe des Neuroth\u00e9rapeutes de DT\u00ae et les Hypnoth\u00e9rapeutes et Hypnocoach en France qui ont souhait\u00e9 se faire connaitre aupr\u00e8s de vous et qui sont pr\u00eats \u00e0 vous Accueillir et vous Aider sur votre Chemin d\u2019\u00c9volution&#8230;<\/p>\n<p>Osez !!!&#8230; Choisir et faire le Premier Pas pour Communiquer avec l&rsquo;un d&rsquo;entre eux. Envoyez votre Test Inconscient pour qu&rsquo;il vous fasse une interpr\u00e9tation gratuite par t\u00e9l\u00e9phone, skype etc..<\/p>\n<p>En effet, le Test Inconscient va vous permettre de connaitre quels sont les blocages, les probl\u00e8mes plus forts que vous, qui vous emp\u00eachent de vous \u00c9panouir pleinement et le Th\u00e9rapeute vous explique le pourquoi du comment au Niveau de votre Fonctionnement, alors Autorisez-Vous !!!&#8230;<\/p>\n<p>Aux Plaisirs de Vous Aider sur Votre Chemin d\u2019\u00c9volution et de R\u00e9alisation !!!&#8230;<\/p>\n<p>Martine Clavelli<\/p>\n<h3 style=\"text-align: center;\"><span style=\"color: #ff0000;\">\u00a0<\/span><\/h3>\n<p style=\"text-align: center;\"><img fetchpriority=\"high\" decoding=\"async\" class=\"aligncenter wp-image-718 size-full\" src=\"http:\/\/la-revolution-therapie.universcghe.fr\/cghe-dt\/wp-content\/uploads\/sites\/12\/2018\/10\/DT-CGE.png\" alt=\"\" width=\"1416\" height=\"326\" srcset=\"https:\/\/la-revolution-therapie.universcghe.fr\/cghe-dt\/wp-content\/uploads\/sites\/12\/2018\/10\/DT-CGE.png 1416w, https:\/\/la-revolution-therapie.universcghe.fr\/cghe-dt\/wp-content\/uploads\/sites\/12\/2018\/10\/DT-CGE-300x69.png 300w, https:\/\/la-revolution-therapie.universcghe.fr\/cghe-dt\/wp-content\/uploads\/sites\/12\/2018\/10\/DT-CGE-768x177.png 768w, https:\/\/la-revolution-therapie.universcghe.fr\/cghe-dt\/wp-content\/uploads\/sites\/12\/2018\/10\/DT-CGE-1024x236.png 1024w\" sizes=\"(max-width: 1416px) 100vw, 1416px\" \/>\n<table id=\"tablepress-2\" class=\"tablepress tablepress-id-2\">\n<thead>\n<tr class=\"row-1\">\n\t<th class=\"column-1\">D\u00e9partements<\/th><th class=\"column-2\">Photos<\/th><th class=\"column-3\">Pr\u00e9nom Nom<\/th><th class=\"column-4\">Coordonn\u00e9es<\/th>\n<\/tr>\n<\/thead>\n<tbody class=\"row-striping row-hover\">\n<tr class=\"row-2\">\n\t<td class=\"column-1\">Les Abrets (38)<\/td><td class=\"column-2\"><img decoding=\"async\" src=\"http:\/\/la-revolution-therapie.universcghe.fr\/cghe-dt\/wp-content\/uploads\/sites\/12\/2018\/10\/Martine.png\" alt=\"\" width=\"100\" height=\"138\" class=\"alignnone size-full wp-image-625\" \/><\/td><td class=\"column-3\">Martine Clavelli <br \/>\nFondatrice du CGHE et Cr\u00e9atrice du D\u00e9tachement de Traumatismes\u00ae<br \/>\nFormatrice de D\u00e9tachement des Traumatismes\u00ae<br \/>\n<a href=\"https:\/\/martine-clavelli.youcanbook.me\/\">Renseignements Formations<\/a><\/td><td class=\"column-4\">04-76-55-92-63<br \/>\n06-14-89-97-05 <br \/>\n<a href=\"mailto:martine.clavelli@cghe.fr\">martine.clavelli@cghe.fr<\/a> <br \/>\n<\/td>\n<\/tr>\n<tr class=\"row-3\">\n\t<td class=\"column-1\">Les Abrets (38)<\/td><td class=\"column-2\"><img decoding=\"async\" src=\"http:\/\/la-revolution-therapie.universcghe.fr\/cghe-dt\/wp-content\/uploads\/sites\/12\/2018\/10\/Isabelle-Fargere-1.png\" alt=\"\" width=\"100\" height=\"145\" class=\"alignnone size-full wp-image-626\" \/><\/td><td class=\"column-3\">Isabelle Farg\u00e8re <br \/>\nMa Collaboratrice au CGHE<br \/>\n<a href=\"http:\/\/la-revolution-therapie.universcghe.fr\/cghe-dt\/isabelle-fargere\/\">En Savoir Plus<\/a><br \/>\n<\/td><td class=\"column-4\">04-76-55-92-63<br \/>\n06-14-70-14-22 <br \/>\n<a href=\"mailto:isabelle.fargere@cghe.fr\">isabelle.fargere@cghe.fr <\/a><br \/>\nAnimatrice de Stages, dont l'Auto-Hypnose<br \/>\nCr\u00e9atrices d'audio Hypnose<\/td>\n<\/tr>\n<\/tbody>\n<\/table>\n<!-- #tablepress-2 from cache --><\/p>\n<p>&nbsp;<\/p>\n<p style=\"text-align: center;\"><img loading=\"lazy\" decoding=\"async\" class=\"alignnone wp-image-719 size-full\" src=\"http:\/\/la-revolution-therapie.universcghe.fr\/cghe-dt\/wp-content\/uploads\/sites\/12\/2018\/10\/dt-france.png\" alt=\"\" width=\"1416\" height=\"322\" srcset=\"https:\/\/la-revolution-therapie.universcghe.fr\/cghe-dt\/wp-content\/uploads\/sites\/12\/2018\/10\/dt-france.png 1416w, https:\/\/la-revolution-therapie.universcghe.fr\/cghe-dt\/wp-content\/uploads\/sites\/12\/2018\/10\/dt-france-300x68.png 300w, https:\/\/la-revolution-therapie.universcghe.fr\/cghe-dt\/wp-content\/uploads\/sites\/12\/2018\/10\/dt-france-768x175.png 768w, https:\/\/la-revolution-therapie.universcghe.fr\/cghe-dt\/wp-content\/uploads\/sites\/12\/2018\/10\/dt-france-1024x233.png 1024w\" sizes=\"(max-width: 1416px) 100vw, 1416px\" \/>\n<table id=\"tablepress-1\" class=\"tablepress tablepress-id-1 test\">\n<thead>\n<tr class=\"row-1\">\n\t<th class=\"column-1\">D\u00e9partements<\/th><th class=\"column-2\">Photos<\/th><th class=\"column-3\">Pr\u00e9nom Nom<\/th><th class=\"column-4\">Coordonn\u00e9es<\/th>\n<\/tr>\n<\/thead>\n<tbody class=\"row-striping row-hover\">\n<tr class=\"row-2\">\n\t<td class=\"column-1\">Montagnieu (01)<\/td><td class=\"column-2\"><img loading=\"lazy\" decoding=\"async\" src=\"http:\/\/la-revolution-therapie.universcghe.fr\/cghe-dt\/wp-content\/uploads\/sites\/12\/2018\/10\/Chantal-viala-201x300.jpg\" alt=\"\" width=\"100\" height=\"150\" class=\"alignnone size-medium wp-image-538\" srcset=\"https:\/\/la-revolution-therapie.universcghe.fr\/cghe-dt\/wp-content\/uploads\/sites\/12\/2018\/10\/Chantal-viala-201x300.jpg 201w, https:\/\/la-revolution-therapie.universcghe.fr\/cghe-dt\/wp-content\/uploads\/sites\/12\/2018\/10\/Chantal-viala.jpg 272w\" sizes=\"(max-width: 100px) 100vw, 100px\" \/><\/td><td class=\"column-3\">Chantal Viala<br \/>\n<a href=\"http:\/\/la-revolution-therapie.universcghe.fr\/cghe-dt\/chantal-viala\">En Savoir Plus<\/a><\/td><td class=\"column-4\">06-37-09-44-49 <br \/>\n<a href=\"mailto:viala.chantal1@orange.fr\">viala.chantal1@orange.fr<\/a><\/td>\n<\/tr>\n<tr class=\"row-3\">\n\t<td class=\"column-1\">Belmont-Luth\u00e9zieu (01)<\/td><td class=\"column-2\"><img loading=\"lazy\" decoding=\"async\" src=\"http:\/\/la-revolution-therapie.universcghe.fr\/cghe-dt\/wp-content\/uploads\/sites\/12\/2018\/10\/Claude-Guyon-1.jpg\" alt=\"\" width=\"100\" height=\"140\" class=\"alignnone size-full wp-image-661\" \/><\/td><td class=\"column-3\">Claude Guyon<br \/>\n<a href=\"http:\/\/la-revolution-therapie.universcghe.fr\/cghe-dt\/claude-guyon\/\">En Savoir Plus<\/a><\/td><td class=\"column-4\">06-12-42-12-24<br \/>\n<a href=\"mailto:lekardinal@pcassistance01.fr\">lekardinal@pcassistance01.fr<\/a><\/td>\n<\/tr>\n<tr class=\"row-4\">\n\t<td class=\"column-1\">Ain (01)<\/td><td class=\"column-2\"><img loading=\"lazy\" decoding=\"async\" src=\"https:\/\/la-revolution-therapie.universcghe.fr\/cghe-dt\/wp-content\/uploads\/sites\/12\/2020\/12\/Photo1-PascaleV-227x300.jpg\" alt=\"\" width=\"100\" height=\"132\" class=\"alignnone size-medium wp-image-1203\" srcset=\"https:\/\/la-revolution-therapie.universcghe.fr\/cghe-dt\/wp-content\/uploads\/sites\/12\/2020\/12\/Photo1-PascaleV-227x300.jpg 227w, https:\/\/la-revolution-therapie.universcghe.fr\/cghe-dt\/wp-content\/uploads\/sites\/12\/2020\/12\/Photo1-PascaleV-776x1024.jpg 776w, https:\/\/la-revolution-therapie.universcghe.fr\/cghe-dt\/wp-content\/uploads\/sites\/12\/2020\/12\/Photo1-PascaleV-768x1013.jpg 768w, https:\/\/la-revolution-therapie.universcghe.fr\/cghe-dt\/wp-content\/uploads\/sites\/12\/2020\/12\/Photo1-PascaleV-1165x1536.jpg 1165w, https:\/\/la-revolution-therapie.universcghe.fr\/cghe-dt\/wp-content\/uploads\/sites\/12\/2020\/12\/Photo1-PascaleV.jpg 1458w\" sizes=\"(max-width: 100px) 100vw, 100px\" \/><\/td><td class=\"column-3\">Pascale Viala<br \/>\n<a href=\"http:\/\/la-revolution-therapie.universcghe.fr\/cghe-dt\/pascale-viala\">En Savoir Plus<\/a><\/td><td class=\"column-4\">06-09-94-17-52<br \/>\n<a href=\"mailto:pascale.viala@gmail.com\">pascale.viala@gmail.com<\/a><br \/>\n<a href=\"https:\/\/www.facebook.com\/RevolutionneToi\/\">Suis-moi sur Facebook<\/a><\/td>\n<\/tr>\n<tr class=\"row-5\">\n\t<td class=\"column-1\">Mont\u00e9limar (26)<\/td><td class=\"column-2\"><img loading=\"lazy\" decoding=\"async\" src=\"http:\/\/la-revolution-therapie.universcghe.fr\/cghe-dt\/wp-content\/uploads\/sites\/12\/2018\/11\/Nathalie-D.jpg\" alt=\"\" width=\"100\" height=\"141\" class=\"alignnone size-full wp-image-963\" \/><\/td><td class=\"column-3\">Nathalie Deverrewaere<br \/>\n<a href=\"http:\/\/la-revolution-therapie.universcghe.fr\/cghe-dt\/nathalie-deverrewaere\/\">En Savoir Plus<\/a><\/td><td class=\"column-4\">07-81-55-88-35<br \/>\n<a href=\"mailto:nathalie.dev10@hotmail.com\">nathalie.dev10@hotmail.com<\/a><br \/>\nFacebook : NathalieneuroDT<\/td>\n<\/tr>\n<tr class=\"row-6\">\n\t<td class=\"column-1\">Saint Barth\u00e9l\u00e9my de vals (26) <\/td><td class=\"column-2\"><img loading=\"lazy\" decoding=\"async\" src=\"http:\/\/la-revolution-therapie.universcghe.fr\/cghe-dt\/wp-content\/uploads\/sites\/12\/2018\/10\/Sandra-Giraud-3.jpg\" alt=\"\" width=\"100\" height=\"144\" class=\"size-full wp-image-618\" \/><\/td><td class=\"column-3\">Sandra Giraud<br \/>\n<a href=\"http:\/\/la-revolution-therapie.universcghe.fr\/cghe-dt\/sandra-giraud\">En Savoir Plus<\/a><\/td><td class=\"column-4\">06-81-44-29-31<br \/>\n<a href=\"mailto:sandra.giraud25@laposte.net\">sandra.giraud25@laposte.net<\/a><\/td>\n<\/tr>\n<tr class=\"row-7\">\n\t<td class=\"column-1\">Courtenay (38)<\/td><td class=\"column-2\"><img loading=\"lazy\" decoding=\"async\" src=\"http:\/\/la-revolution-therapie.universcghe.fr\/cghe-dt\/wp-content\/uploads\/sites\/12\/2018\/10\/Jessika-Pinosa-1-253x300.jpg\" alt=\"\" width=\"100\" height=\"118\" class=\"alignnone size-medium wp-image-532\" srcset=\"https:\/\/la-revolution-therapie.universcghe.fr\/cghe-dt\/wp-content\/uploads\/sites\/12\/2018\/10\/Jessika-Pinosa-1-253x300.jpg 253w, https:\/\/la-revolution-therapie.universcghe.fr\/cghe-dt\/wp-content\/uploads\/sites\/12\/2018\/10\/Jessika-Pinosa-1-768x912.jpg 768w, https:\/\/la-revolution-therapie.universcghe.fr\/cghe-dt\/wp-content\/uploads\/sites\/12\/2018\/10\/Jessika-Pinosa-1.jpg 808w\" sizes=\"(max-width: 100px) 100vw, 100px\" \/><\/td><td class=\"column-3\">Jessika Pinosa <br \/>\n<a href=\"http:\/\/la-revolution-therapie.universcghe.fr\/cghe-dt\/jessika-pinosa\/\">En Savoir Plus<\/a><\/td><td class=\"column-4\">06-37-55-12-70<br \/>\n<a href=\"mailto:jessika_p@hotmail.fr\">jessika_p@hotmail.fr<\/a><br \/>\n<a href=\"https:\/\/jessikapinosatherapeute.jimdo.com\">Site Internet<\/a><\/td>\n<\/tr>\n<tr class=\"row-8\">\n\t<td class=\"column-1\">Loire (42)<\/td><td class=\"column-2\"><img loading=\"lazy\" decoding=\"async\" src=\"http:\/\/la-revolution-therapie.universcghe.fr\/cghe-dt\/wp-content\/uploads\/sites\/12\/2018\/10\/photos-LILIANE-011-1-233x300.jpg\" alt=\"\" width=\"100\" height=\"129\" class=\"alignnone size-medium wp-image-493\" srcset=\"https:\/\/la-revolution-therapie.universcghe.fr\/cghe-dt\/wp-content\/uploads\/sites\/12\/2018\/10\/photos-LILIANE-011-1-233x300.jpg 233w, https:\/\/la-revolution-therapie.universcghe.fr\/cghe-dt\/wp-content\/uploads\/sites\/12\/2018\/10\/photos-LILIANE-011-1-768x987.jpg 768w, https:\/\/la-revolution-therapie.universcghe.fr\/cghe-dt\/wp-content\/uploads\/sites\/12\/2018\/10\/photos-LILIANE-011-1-797x1024.jpg 797w, https:\/\/la-revolution-therapie.universcghe.fr\/cghe-dt\/wp-content\/uploads\/sites\/12\/2018\/10\/photos-LILIANE-011-1.jpg 800w\" sizes=\"(max-width: 100px) 100vw, 100px\" \/><\/td><td class=\"column-3\">Liliane Pom\u00e9on <br \/>\n<a href=\"http:\/\/la-revolution-therapie.universcghe.fr\/cghe-dt\/liliane-pomeon\">En Savoir Plus<\/a><\/td><td class=\"column-4\">06-84-22-85-84 <br \/>\n<a href=\"mailto:liliane.pomeon@orange.fr\">liliane.pomeon@orange.fr<\/a><\/td>\n<\/tr>\n<tr class=\"row-9\">\n\t<td class=\"column-1\">Montargis (45)<\/td><td class=\"column-2\"><img loading=\"lazy\" decoding=\"async\" src=\"http:\/\/la-revolution-therapie.universcghe.fr\/cghe-dt\/wp-content\/uploads\/sites\/12\/2019\/04\/Sylvie-Rousseau-2019-e1555337310842.jpg\" alt=\"\" width=\"100\" height=\"146\" class=\"alignnone size-full wp-image-1157\" \/><\/td><td class=\"column-3\">Sylvie Rousseau<br \/>\n<a href=\"http:\/\/la-revolution-therapie.universcghe.fr\/cghe-dt\/sylvie-rousseau\">En Savoir Plus<\/a><\/td><td class=\"column-4\">06-15-46-23-81<br \/>\n<a href=\"mailto:rousseau.therapie@gmail.com\">rousseau.therapie@gmail.com<\/a><\/td>\n<\/tr>\n<tr class=\"row-10\">\n\t<td class=\"column-1\">Tessy Bocage (50)<\/td><td class=\"column-2\"><img loading=\"lazy\" decoding=\"async\" src=\"http:\/\/la-revolution-therapie.universcghe.fr\/cghe-dt\/wp-content\/uploads\/sites\/12\/2018\/11\/Julien-Bazire1.jpg\" alt=\"\" width=\"100\" height=\"151\" class=\"alignnone size-full wp-image-860\" \/><\/td><td class=\"column-3\">Julien Bazire<br \/>\n<a href=\"http:\/\/la-revolution-therapie.universcghe.fr\/cghe-dt\/julien-bazire\">En Savoir Plus<\/a><\/td><td class=\"column-4\">06-79-33-95-05<br \/>\n<a href=\"mailto:julienbazire.dt@gmail.com\">julienbazire.dt@gmail.com<\/a><br \/>\n<\/td>\n<\/tr>\n<tr class=\"row-11\">\n\t<td class=\"column-1\">Tessy Bocage (50)<\/td><td class=\"column-2\"><img loading=\"lazy\" decoding=\"async\" src=\"http:\/\/la-revolution-therapie.universcghe.fr\/cghe-dt\/wp-content\/uploads\/sites\/12\/2018\/10\/Margot-Maisonneuve-1.jpg\" alt=\"\" width=\"100\" height=\"146\" class=\"alignnone size-full wp-image-679\" \/><\/td><td class=\"column-3\">Margot Maisonneuve<br \/>\n<a href=\"http:\/\/la-revolution-therapie.universcghe.fr\/cghe-dt\/margot-maisonneuve\">En Savoir Plus<\/a><\/td><td class=\"column-4\">06-47-67-84-29<br \/>\n<a href=\"mailto:margotmaisonneuve.dt@gmail.com\">margotmaisonneuve.dt@gmail.com<\/a><br \/>\n<br \/>\n<\/td>\n<\/tr>\n<tr class=\"row-12\">\n\t<td class=\"column-1\">Lyon (69)<\/td><td class=\"column-2\"><a href=\"http:\/\/la-revolution-therapie.universcghe.fr\/wp-content\/uploads\/2018\/06\/nad\u00e9ge-luyat.jpg\"><img loading=\"lazy\" decoding=\"async\" src=\"http:\/\/la-revolution-therapie.universcghe.fr\/wp-content\/uploads\/2018\/06\/nad\u00e9ge-luyat.jpg\" alt=\"\" width=\"100\" height=\"150\" class=\"alignnone size-full wp-image-6737\" \/><\/a><\/td><td class=\"column-3\">Nad\u00e8ge Luyat<br \/>\n<a href=\"http:\/\/la-revolution-therapie.universcghe.fr\/cghe-dt\/nadege-luyat\">En Savoir Plus<\/a><\/td><td class=\"column-4\">06-65-35-71-15<br \/>\n<a href=\"mailto:nadegeluyat.neurotherapeute@gmail.com\">nadegeluyat.neurotherapeute@gmail.com<\/a><br \/>\nSp\u00e9cialis\u00e9e dans la pose de l\u2019Anneau Gastrique Virtuel<\/td>\n<\/tr>\n<tr class=\"row-13\">\n\t<td class=\"column-1\">Tarare (69)<br \/>\nCublize (69)<\/td><td class=\"column-2\"><img loading=\"lazy\" decoding=\"async\" src=\"http:\/\/la-revolution-therapie.universcghe.fr\/cghe-dt\/wp-content\/uploads\/sites\/12\/2018\/10\/Marion-Roche-1.jpg\" alt=\"\" width=\"100\" height=\"130\" class=\"alignnone size-full wp-image-616\" \/><\/td><td class=\"column-3\">Marion Roche<br \/>\n<a href=\"http:\/\/la-revolution-therapie.universcghe.fr\/cghe-dt\/marion-roche\/\">En Savoir Plus<\/a><\/td><td class=\"column-4\">06-78-59-34-55<br \/>\n<a href=\"mailto:marionroche.ndt@gmail.com\">marionroche.ndt@gmail.com<\/a><br \/>\n<a href=\"http:\/\/www.arl\u00e9ane.fr\">www.arl\u00e9ane.fr<\/a><\/td>\n<\/tr>\n<tr class=\"row-14\">\n\t<td class=\"column-1\">La Biolle (73)<\/td><td class=\"column-2\"><a href=\"http:\/\/la-revolution-therapie.universcghe.fr\/wp-content\/uploads\/2017\/06\/Claudine-Carillat.jpg\"><img loading=\"lazy\" decoding=\"async\" src=\"http:\/\/la-revolution-therapie.universcghe.fr\/wp-content\/uploads\/2017\/06\/Claudine-Carillat.jpg\" alt=\"\" width=\"100\" height=\"149\" class=\"alignnone size-full wp-image-5511\" \/><\/a><\/td><td class=\"column-3\">Claudine Fernandez-Carrillat<br \/>\n<a href=\"http:\/\/la-revolution-therapie.universcghe.fr\/cghe-dt\/claudine-fernandez-carrillat\">En Savoir Plus<\/a><\/td><td class=\"column-4\">06-84-81-19-09<br \/>\n<a href=\"mailto:clo.carrillat@wanadoo.fr\">clo.carrillat@wanadoo.fr<\/a><br \/>\nFormatrice en PNL<\/td>\n<\/tr>\n<tr class=\"row-15\">\n\t<td class=\"column-1\">Le Grand-Bornand (74)<br \/>\nAnnecy (74)<\/td><td class=\"column-2\"><img loading=\"lazy\" decoding=\"async\" src=\"http:\/\/la-revolution-therapie.universcghe.fr\/cghe-dt\/wp-content\/uploads\/sites\/12\/2018\/10\/Pascale-Ozanne-1.jpg\" alt=\"\" width=\"100\" height=\"144\" class=\"alignnone size-full wp-image-671\" \/><\/td><td class=\"column-3\">Pascale Ozanne<br \/>\n<a href=\"http:\/\/la-revolution-therapie.universcghe.fr\/cghe-dt\/pascale-ozanne\">En Savoir Plus<\/a><\/td><td class=\"column-4\">06-68-87-97-11 <br \/>\n<a href=\"mailto:pascale.ozanne@gmail.com\">pascale.ozanne@gmail.com<\/a><\/td>\n<\/tr>\n<\/tbody>\n<\/table>\n<!-- #tablepress-1 from cache --><\/p>\n<p><img loading=\"lazy\" decoding=\"async\" class=\"alignnone wp-image-742 size-full\" src=\"http:\/\/la-revolution-therapie.universcghe.fr\/cghe-dt\/wp-content\/uploads\/sites\/12\/2018\/10\/Hypnose-CGHE-1.png\" alt=\"\" width=\"1453\" height=\"332\" srcset=\"https:\/\/la-revolution-therapie.universcghe.fr\/cghe-dt\/wp-content\/uploads\/sites\/12\/2018\/10\/Hypnose-CGHE-1.png 1453w, https:\/\/la-revolution-therapie.universcghe.fr\/cghe-dt\/wp-content\/uploads\/sites\/12\/2018\/10\/Hypnose-CGHE-1-300x69.png 300w, https:\/\/la-revolution-therapie.universcghe.fr\/cghe-dt\/wp-content\/uploads\/sites\/12\/2018\/10\/Hypnose-CGHE-1-768x175.png 768w, https:\/\/la-revolution-therapie.universcghe.fr\/cghe-dt\/wp-content\/uploads\/sites\/12\/2018\/10\/Hypnose-CGHE-1-1024x234.png 1024w\" sizes=\"(max-width: 1453px) 100vw, 1453px\" \/><\/p>\n<p style=\"text-align: center;\">\n<table id=\"tablepress-4\" class=\"tablepress tablepress-id-4\">\n<thead>\n<tr class=\"row-1\">\n\t<th class=\"column-1\">D\u00e9partements<\/th><th class=\"column-2\">Photos<\/th><th class=\"column-3\">Pr\u00e9nom Nom<\/th><th class=\"column-4\">Coordonn\u00e9es<\/th>\n<\/tr>\n<\/thead>\n<tbody class=\"row-striping row-hover\">\n<tr class=\"row-2\">\n\t<td class=\"column-1\">Les Abrets (38)<\/td><td class=\"column-2\"><img decoding=\"async\" src=\"http:\/\/la-revolution-therapie.universcghe.fr\/cghe-dt\/wp-content\/uploads\/sites\/12\/2018\/10\/Martine.png\" alt=\"\" width=\"100\" height=\"138\" class=\"alignnone size-full wp-image-625\" \/><\/td><td class=\"column-3\">Martine Clavelli <br \/>\nFondatrice du CGHE, Formatrice en Hypnose Ericksonnienne,  Humaniste et PNL<br \/>\n<a href=\"https:\/\/martine-clavelli.youcanbook.me\/\" rel=\"noopener noreferrer\" target=\"_blank\">Renseignements Formations<\/a><\/td><td class=\"column-4\">04-76-55-92-63<br \/>\n06-14-89-97-05 <br \/>\n<a href=\"mailto:martine.clavelli@cghe.fr\">martine.clavelli@cghe.fr<\/a> <br \/>\n<\/td>\n<\/tr>\n<tr class=\"row-3\">\n\t<td class=\"column-1\">Les Abrets (38)<\/td><td class=\"column-2\"><img decoding=\"async\" src=\"http:\/\/la-revolution-therapie.universcghe.fr\/cghe-dt\/wp-content\/uploads\/sites\/12\/2018\/10\/Isabelle-Fargere-1.png\" alt=\"\" width=\"100\" height=\"145\" class=\"alignnone size-full wp-image-626\" \/><\/td><td class=\"column-3\">Isabelle Farg\u00e8re <br \/>\nMa Collaboratrice au CGHE<br \/>\n<a href=\"http:\/\/la-revolution-therapie.universcghe.fr\/cghe-dt\/isabelle-fargere\/\">En Savoir Plus<\/a><br \/>\n<\/td><td class=\"column-4\">04-76-55-92-63 <br \/>\n<a href=\"mailto:isabelle.fargere@cghe.fr\">isabelle.fargere@cghe.fr <\/a><br \/>\nAnimatrice de Stages, dont l'Auto-Hypnose<br \/>\nCr\u00e9atrices d'audio Hypnose<\/td>\n<\/tr>\n<\/tbody>\n<\/table>\n<!-- #tablepress-4 from cache --><\/p>\n<p><img loading=\"lazy\" decoding=\"async\" class=\"aligncenter wp-image-743 size-full\" src=\"http:\/\/la-revolution-therapie.universcghe.fr\/cghe-dt\/wp-content\/uploads\/sites\/12\/2018\/10\/Hypnose-france-1.png\" alt=\"\" width=\"1416\" height=\"326\" srcset=\"https:\/\/la-revolution-therapie.universcghe.fr\/cghe-dt\/wp-content\/uploads\/sites\/12\/2018\/10\/Hypnose-france-1.png 1416w, https:\/\/la-revolution-therapie.universcghe.fr\/cghe-dt\/wp-content\/uploads\/sites\/12\/2018\/10\/Hypnose-france-1-300x69.png 300w, https:\/\/la-revolution-therapie.universcghe.fr\/cghe-dt\/wp-content\/uploads\/sites\/12\/2018\/10\/Hypnose-france-1-768x177.png 768w, https:\/\/la-revolution-therapie.universcghe.fr\/cghe-dt\/wp-content\/uploads\/sites\/12\/2018\/10\/Hypnose-france-1-1024x236.png 1024w\" sizes=\"(max-width: 1416px) 100vw, 1416px\" \/><\/p>\n<p style=\"text-align: center;\">\n<table id=\"tablepress-3\" class=\"tablepress tablepress-id-3\">\n<thead>\n<tr class=\"row-1\">\n\t<th class=\"column-1\">D\u00e9partements<\/th><th class=\"column-2\">Photos<\/th><th class=\"column-3\">Pr\u00e9nom Nom<\/th><th class=\"column-4\">Coordonn\u00e9es<\/th>\n<\/tr>\n<\/thead>\n<tbody class=\"row-striping row-hover\">\n<tr class=\"row-2\">\n\t<td class=\"column-1\">Montagnieu (01)<\/td><td class=\"column-2\"><img loading=\"lazy\" decoding=\"async\" src=\"http:\/\/la-revolution-therapie.universcghe.fr\/cghe-dt\/wp-content\/uploads\/sites\/12\/2018\/10\/Chantal-viala-201x300.jpg\" alt=\"\" width=\"100\" height=\"150\" class=\"alignnone size-medium wp-image-538\" srcset=\"https:\/\/la-revolution-therapie.universcghe.fr\/cghe-dt\/wp-content\/uploads\/sites\/12\/2018\/10\/Chantal-viala-201x300.jpg 201w, https:\/\/la-revolution-therapie.universcghe.fr\/cghe-dt\/wp-content\/uploads\/sites\/12\/2018\/10\/Chantal-viala.jpg 272w\" sizes=\"(max-width: 100px) 100vw, 100px\" \/><\/td><td class=\"column-3\">Chantal Viala<br \/>\n<a href=\"http:\/\/la-revolution-therapie.universcghe.fr\/cghe-dt\/chantal-viala\">En Savoir Plus<\/a><\/td><td class=\"column-4\">06-37-09-44-49 <br \/>\n<a href=\"mailto:viala.chantal1@orange.fr\">viala.chantal1@orange.fr<\/a><\/td>\n<\/tr>\n<tr class=\"row-3\">\n\t<td class=\"column-1\">Belmont-Luth\u00e9zieu (01)<\/td><td class=\"column-2\"><img loading=\"lazy\" decoding=\"async\" src=\"http:\/\/la-revolution-therapie.universcghe.fr\/cghe-dt\/wp-content\/uploads\/sites\/12\/2018\/10\/Claude-Guyon-1.jpg\" alt=\"\" width=\"100\" height=\"140\" class=\"alignnone size-full wp-image-661\" \/><\/td><td class=\"column-3\">Claude Guyon<br \/>\n<a href=\"http:\/\/la-revolution-therapie.universcghe.fr\/cghe-dt\/claude-guyon\/\">En Savoir Plus<\/a><\/td><td class=\"column-4\">06-12-42-12-24<br \/>\n<a href=\"mailto:lekardinal@pcassistance01.fr\">lekardinal@pcassistance01.fr<\/a><\/td>\n<\/tr>\n<tr class=\"row-4\">\n\t<td class=\"column-1\">Courtenay (38)<\/td><td class=\"column-2\"><img loading=\"lazy\" decoding=\"async\" src=\"http:\/\/la-revolution-therapie.universcghe.fr\/cghe-dt\/wp-content\/uploads\/sites\/12\/2018\/10\/Jessika-Pinosa-1-253x300.jpg\" alt=\"\" width=\"100\" height=\"118\" class=\"alignnone size-medium wp-image-532\" srcset=\"https:\/\/la-revolution-therapie.universcghe.fr\/cghe-dt\/wp-content\/uploads\/sites\/12\/2018\/10\/Jessika-Pinosa-1-253x300.jpg 253w, https:\/\/la-revolution-therapie.universcghe.fr\/cghe-dt\/wp-content\/uploads\/sites\/12\/2018\/10\/Jessika-Pinosa-1-768x912.jpg 768w, https:\/\/la-revolution-therapie.universcghe.fr\/cghe-dt\/wp-content\/uploads\/sites\/12\/2018\/10\/Jessika-Pinosa-1.jpg 808w\" sizes=\"(max-width: 100px) 100vw, 100px\" \/><\/td><td class=\"column-3\">Jessika Pinosa <br \/>\n<a href=\"http:\/\/la-revolution-therapie.universcghe.fr\/cghe-dt\/jessika-pinosa\/\">En Savoir Plus<\/a><\/td><td class=\"column-4\">06-37-55-12-70<br \/>\n<a href=\"mailto:jessika_p@hotmail.fr\">jessika_p@hotmail.fr<\/a><br \/>\n<a href=\"https:\/\/jessikapinosatherapeute.jimdo.com\">Site Internet<\/a><\/td>\n<\/tr>\n<tr class=\"row-5\">\n\t<td class=\"column-1\">Lyon (69)<\/td><td class=\"column-2\"><a href=\"http:\/\/la-revolution-therapie.universcghe.fr\/wp-content\/uploads\/2018\/06\/nad\u00e9ge-luyat.jpg\"><img loading=\"lazy\" decoding=\"async\" src=\"http:\/\/la-revolution-therapie.universcghe.fr\/wp-content\/uploads\/2018\/06\/nad\u00e9ge-luyat.jpg\" alt=\"\" width=\"100\" height=\"150\" class=\"alignnone size-full wp-image-6737\" \/><\/a><\/td><td class=\"column-3\">Nad\u00e8ge Luyat<br \/>\n<a href=\"http:\/\/la-revolution-therapie.universcghe.fr\/cghe-dt\/nadege-luyat\">En Savoir Plus<\/a><\/td><td class=\"column-4\">06-65-35-71-15<br \/>\n<a href=\"mailto:nadegeluyat.neurotherapeute@gmail.com\">nadegeluyat.neurotherapeute@gmail.com<\/a><br \/>\nSp\u00e9cialis\u00e9e dans la pose de l\u2019Anneau Gastrique Virtuel<\/td>\n<\/tr>\n<tr class=\"row-6\">\n\t<td class=\"column-1\">La Biolle (73)<\/td><td class=\"column-2\"><a href=\"http:\/\/la-revolution-therapie.universcghe.fr\/wp-content\/uploads\/2017\/06\/Claudine-Carillat.jpg\"><img loading=\"lazy\" decoding=\"async\" src=\"http:\/\/la-revolution-therapie.universcghe.fr\/wp-content\/uploads\/2017\/06\/Claudine-Carillat.jpg\" alt=\"\" width=\"100\" height=\"149\" class=\"alignnone size-full wp-image-5511\" \/><\/a><\/td><td class=\"column-3\">Claudine Fernandez-Carrillat<br \/>\n<a href=\"http:\/\/la-revolution-therapie.universcghe.fr\/cghe-dt\/claudine-fernandez-carrillat\">En Savoir Plus<\/a><\/td><td class=\"column-4\">06-84-81-19-09 <br \/>\n<a href=\"mailto:clo.carrillat@wanadoo.fr\">clo.carrillat@wanadoo.fr<\/a><br \/>\nFormatrice en PNL<\/td>\n<\/tr>\n<\/tbody>\n<\/table>\n<!-- #tablepress-3 from cache --><\/p>\n","protected":false},"excerpt":{"rendered":"<p>Bons Jours et Bienvenue C&rsquo;est avec Plaisirs que je vous pr\u00e9sente l&rsquo;\u00e9quipe des Neuroth\u00e9rapeutes de DT\u00ae et les Hypnoth\u00e9rapeutes et<\/p>\n","protected":false},"author":5,"featured_media":0,"parent":0,"menu_order":0,"comment_status":"open","ping_status":"open","template":"","meta":{"footnotes":""},"class_list":["post-2","page","type-page","status-publish","hentry"],"aioseo_notices":[],"_links":{"self":[{"href":"https:\/\/la-revolution-therapie.universcghe.fr\/cghe-dt\/wp-json\/wp\/v2\/pages\/2","targetHints":{"allow":["GET"]}}],"collection":[{"href":"https:\/\/la-revolution-therapie.universcghe.fr\/cghe-dt\/wp-json\/wp\/v2\/pages"}],"about":[{"href":"https:\/\/la-revolution-therapie.universcghe.fr\/cghe-dt\/wp-json\/wp\/v2\/types\/page"}],"author":[{"embeddable":true,"href":"https:\/\/la-revolution-therapie.universcghe.fr\/cghe-dt\/wp-json\/wp\/v2\/users\/5"}],"replies":[{"embeddable":true,"href":"https:\/\/la-revolution-therapie.universcghe.fr\/cghe-dt\/wp-json\/wp\/v2\/comments?post=2"}],"version-history":[{"count":0,"href":"https:\/\/la-revolution-therapie.universcghe.fr\/cghe-dt\/wp-json\/wp\/v2\/pages\/2\/revisions"}],"wp:attachment":[{"href":"https:\/\/la-revolution-therapie.universcghe.fr\/cghe-dt\/wp-json\/wp\/v2\/media?parent=2"}],"curies":[{"name":"wp","href":"https:\/\/api.w.org\/{rel}","templated":true}]}}