{"id":574,"date":"2018-10-28T15:45:34","date_gmt":"2018-10-28T14:45:13","guid":{"rendered":"http:\/\/la-revolution-therapie.universcghe.fr\/cghe-dt\/?page_id=574"},"modified":"2018-11-04T17:15:24","modified_gmt":"2018-11-04T16:15:24","slug":"le-detachement-des-traumatismes","status":"publish","type":"page","link":"https:\/\/la-revolution-therapie.universcghe.fr\/cghe-dt\/le-detachement-des-traumatismes\/","title":{"rendered":"Le D\u00e9tachement des Traumatismes\u00ae"},"content":{"rendered":"<p><img fetchpriority=\"high\" decoding=\"async\" src=\"http:\/\/la-revolution-therapie.universcghe.fr\/cghe-dt\/wp-content\/uploads\/sites\/12\/2018\/10\/le-detachement-des-traumatismes-1.png\" alt=\"\" width=\"1416\" height=\"325\" \/><\/p>\n<p>Qu\u2019est ce que c\u2019est ? \u00c0 quoi \u00e7a sert et qu\u2019en est-il v\u00e9ritablement?<\/p>\n<p>Le DT\u00ae est une technique <strong>Th\u00e9rapeutique R\u00e9volutionnaire<\/strong><br \/>\ncr\u00e9\u00e9e il y a plus de 15 ans par Martine Clavelli.<\/p>\n<p>En effet enrichit par la Compr\u00e9hension du Fonctionnement de l\u2019\u00catre humain, la Connaissance<br \/>\net la maitrise de l\u2019Hypnose et plus particuli\u00e8rement l\u2019Hypnose\u00a0 Ericksonnienne et Humaniste.<br \/>\nPar l\u2019<strong>EMDR <\/strong> et les travaux d\u2019Ernest Rossi<\/p>\n<p>Elle a compris qu\u2019il nous \u00e9tait possible, \u00e0 nous, \u00catres Humains en toute Conscience,\u00a0 de pouvoir gu\u00e9rir nos \u00c9motions et Sentiments n\u00e9gatifs.<\/p>\n<p>En effet, nous avons la possibilit\u00e9 de d\u00e9programmer et de d\u00e9sactiver d\u00e9finitivement des ressentis n\u00e9gatifs :<br \/>\nTerreur, panique, phobies, angoisse, peur, rage, haine, col\u00e8re, souffrance, tristesse,<br \/>\nculpabilit\u00e9 et bien d\u2019autres choses\u00a0 encore\u2026<\/p>\n<p>M\u00eame si ce sont des sentiments que nous avons depuis 5, 10, 15, 20 et m\u00eame 30 ans et Plus.<\/p>\n<p>Et la Puissance du <strong>D\u00e9tachement de Traumatismes\u00ae<\/strong> est qu\u2019en une seule S\u00e9ance, cela suffit pour r\u00e9gler d\u00e9finitivement une probl\u00e9matique<br \/>\nOsez!!!Autorisez-vous \u00e0 vous lib\u00e9rer de toutes ces \u00e9nergies n\u00e9gatives&#8230;<\/p>\n<p>C\u2019est une Technique Th\u00e9rapeutique tellement R\u00e9volutionnaire, que <strong>Martine Clavelli<\/strong> a d\u00e9cid\u00e9<br \/>\nil y a quelques ann\u00e9es de former des personnes dans la relation d\u2019aide, m\u00e9decins,<br \/>\npsychologues, psychiatres, th\u00e9rapeutes afin de faire b\u00e9n\u00e9ficier au plus grand nombre du<\/p>\n<p style=\"text-align: center;\"><span style=\"color: #ff00ff;\"><strong>\u00ab D\u00e9tachement de Traumatismes\u00ae \u00bb!!!<\/strong><\/span><\/p>\n","protected":false},"excerpt":{"rendered":"<p>Qu\u2019est ce que c\u2019est ? \u00c0 quoi \u00e7a sert et qu\u2019en est-il v\u00e9ritablement? Le DT\u00ae est une technique Th\u00e9rapeutique R\u00e9volutionnaire<\/p>\n","protected":false},"author":1,"featured_media":0,"parent":0,"menu_order":0,"comment_status":"open","ping_status":"closed","template":"","meta":{"footnotes":""},"class_list":["post-574","page","type-page","status-publish","hentry"],"aioseo_notices":[],"_links":{"self":[{"href":"https:\/\/la-revolution-therapie.universcghe.fr\/cghe-dt\/wp-json\/wp\/v2\/pages\/574","targetHints":{"allow":["GET"]}}],"collection":[{"href":"https:\/\/la-revolution-therapie.universcghe.fr\/cghe-dt\/wp-json\/wp\/v2\/pages"}],"about":[{"href":"https:\/\/la-revolution-therapie.universcghe.fr\/cghe-dt\/wp-json\/wp\/v2\/types\/page"}],"author":[{"embeddable":true,"href":"https:\/\/la-revolution-therapie.universcghe.fr\/cghe-dt\/wp-json\/wp\/v2\/users\/1"}],"replies":[{"embeddable":true,"href":"https:\/\/la-revolution-therapie.universcghe.fr\/cghe-dt\/wp-json\/wp\/v2\/comments?post=574"}],"version-history":[{"count":0,"href":"https:\/\/la-revolution-therapie.universcghe.fr\/cghe-dt\/wp-json\/wp\/v2\/pages\/574\/revisions"}],"wp:attachment":[{"href":"https:\/\/la-revolution-therapie.universcghe.fr\/cghe-dt\/wp-json\/wp\/v2\/media?parent=574"}],"curies":[{"name":"wp","href":"https:\/\/api.w.org\/{rel}","templated":true}]}}