{"id":595,"date":"2018-10-28T15:45:34","date_gmt":"2018-10-28T14:45:13","guid":{"rendered":"http:\/\/la-revolution-therapie.universcghe.fr\/cghe-dt\/dup-hypnotherapie-et-hypnocoaching\/"},"modified":"2018-11-15T21:32:42","modified_gmt":"2018-11-15T20:32:42","slug":"formation-pnl","status":"publish","type":"page","link":"https:\/\/la-revolution-therapie.universcghe.fr\/cghe-dt\/formation-pnl\/","title":{"rendered":"La PNL"},"content":{"rendered":"<p><img fetchpriority=\"high\" decoding=\"async\" class=\"alignnone wp-image-597 size-full\" src=\"http:\/\/la-revolution-therapie.universcghe.fr\/cghe-dt\/wp-content\/uploads\/sites\/12\/2018\/10\/La-PNL.png\" alt=\"\" width=\"1416\" height=\"323\" srcset=\"https:\/\/la-revolution-therapie.universcghe.fr\/cghe-dt\/wp-content\/uploads\/sites\/12\/2018\/10\/La-PNL.png 1416w, https:\/\/la-revolution-therapie.universcghe.fr\/cghe-dt\/wp-content\/uploads\/sites\/12\/2018\/10\/La-PNL-300x68.png 300w, https:\/\/la-revolution-therapie.universcghe.fr\/cghe-dt\/wp-content\/uploads\/sites\/12\/2018\/10\/La-PNL-768x175.png 768w, https:\/\/la-revolution-therapie.universcghe.fr\/cghe-dt\/wp-content\/uploads\/sites\/12\/2018\/10\/La-PNL-1024x234.png 1024w\" sizes=\"(max-width: 1416px) 100vw, 1416px\" \/><\/p>\n<p style=\"text-align: left;\">\n<table id=\"tablepress-7\" class=\"tablepress tablepress-id-7\">\n<thead>\n<tr class=\"row-1\">\n\t<th class=\"column-1\"><h3 style=\"text-align: center;\"><span style=\"color: #000080;\"><strong>ATELIERS PNL<\/strong><\/span><\/h3><\/th>\n<\/tr>\n<\/thead>\n<tbody class=\"row-striping row-hover\">\n<tr class=\"row-2\">\n\t<td class=\"column-1\"><h3 style=\"text-align: center;\"><strong>Objectifs<\/strong><\/h3><\/td>\n<\/tr>\n<tr class=\"row-3\">\n\t<td class=\"column-1\">A l\u2019Issue de cette Formation, Chaque Participant sera en mesure de D\u00e9coder son Fonctionnement Verbal et non Verbal, ainsi que Celui de son Interlocuteur pour Communiquer de Fa\u00e7on Appropri\u00e9e et Pourra Effectuer  des Interventions de Qualit\u00e9s en Exploitant les Comp\u00e9tences Acquises. Quelque soit Son Secteur d\u2019Activit\u00e9 (Entreprises, Enseignement, M\u00e9dical et Para m\u00e9dical, Associations et Relations d\u2019aide, Fonction Publique, Milieu Sportif, Particuliers\u2026\u2026.)<\/td>\n<\/tr>\n<tr class=\"row-4\">\n\t<td class=\"column-1\"><h3 style=\"text-align: center;\"><strong>Comp\u00e9tences Associ\u00e9es<\/strong><\/h3><\/td>\n<\/tr>\n<tr class=\"row-5\">\n\t<td class=\"column-1\">-Comprendre Son Propre Mode de Fonctionnement.<br \/>\n-Reconna\u00eetre le Mode de Fonctionnement de Son Interlocuteur.<br \/>\n-Ma\u00eetriser les Fonctionnements Verbaux et Non Verbaux en Mati\u00e8re de Communication.<br \/>\n-Neutraliser et G\u00e9rer Ses \u00c9motions.<br \/>\n-Installer des Strat\u00e9gies Relationnelles de Succ\u00e8s.<br \/>\n-Diriger Efficacement un \u00c9change Relationnel \u00e0 Deux ou en Groupe.<br \/>\n-Renforcer Son Assertivit\u00e9 en Mati\u00e8re de Communication.<\/td>\n<\/tr>\n<tr class=\"row-6\">\n\t<td class=\"column-1\"><h3 style=\"text-align: center;\"><strong>Population<\/strong><\/h3><\/td>\n<\/tr>\n<tr class=\"row-7\">\n\t<td class=\"column-1\"><strong>Des Professionnels :<br \/>\n<\/strong>qui Occupent une Fonction dans laquelle la Communication  et  l\u2019Ecoute Tiennent une Place Importante\u2026<br \/>\n<br \/>\nEntreprises :<br \/>\nEmploy\u00e9s, Techniciens, Agents de ma\u00eetrise, Commerciaux, Cadres, Chefs d\u2019entreprises, Dirigeants \u2026<br \/>\n<br \/>\nEnseignement :<br \/>\nPersonnels d\u2019Enseignement, d\u2019Education, d\u2019Orientation, Formateurs, Etudiants\u2026<br \/>\n<br \/>\nM\u00e9dical et Para M\u00e9dical :<br \/>\nPersonnels des Branches Sanitaires et Sociales, M\u00e9dicaux, Publiques et Priv\u00e9es\u2026<br \/>\n<br \/>\nAssociations et Relation d\u2019aide :<br \/>\nPersonnels d\u2019Insertion, d\u2019Orientation, d\u2019Encadrement et d\u2019Aide\u2026<br \/>\n<br \/>\nFonction publique :<br \/>\nToute Personne Habilit\u00e9e \u00e0 la Fonction Publique<br \/>\n<br \/>\nMilieu Sportif :<br \/>\nEntra\u00eeneurs, Coach, Manager, Formateurs, Sportifs\u2026<br \/>\n<br \/>\n<strong>Des Particuliers :<br \/>\n<\/strong>Toute Personne qui Souhaite Enrichir sa Qualit\u00e9 de Vie en Optimisant Sa Communication avec Elle-M\u00eame et les Autres<br \/>\n<br \/>\n<strong>Pr\u00e9 requis N\u00e9cessaire : <\/strong>Aucun<\/td>\n<\/tr>\n<tr class=\"row-8\">\n\t<td class=\"column-1\"><h3 style=\"text-align: center;\"><strong>Contenu<\/strong><\/h3><\/td>\n<\/tr>\n<tr class=\"row-9\">\n\t<td class=\"column-1\"><strong>Les Ateliers sont Propos\u00e9es pour :<\/strong><br \/>\n<br \/>\n<strong>-<\/strong>Savoir D\u00e9coder le Fonctionnement Verbal et Non Verbal pour une Communication Appropri\u00e9e<br \/>\n-R\u00e9aliser des Interventions de Qualit\u00e9s par une Communication Active et Efficace.<br \/>\n-Mettre en Pratique les Connaissances Acquises dans les Liens Contextuels<\/td>\n<\/tr>\n<tr class=\"row-10\">\n\t<td class=\"column-1\"><h3 style=\"text-align: center;\"><strong>Dur\u00e9e<\/strong><\/h3><\/td>\n<\/tr>\n<tr class=\"row-11\">\n\t<td class=\"column-1\">Le Temps de Formation pour Chaque Atelier est de 8h00 (Th\u00e9orie et Pratique) soit 88h<\/td>\n<\/tr>\n<tr class=\"row-12\">\n\t<td class=\"column-1\"><h3 style=\"text-align: center;\"><strong>Tarifs<\/strong><\/h3><\/td>\n<\/tr>\n<tr class=\"row-13\">\n\t<td class=\"column-1\">Soit 1860 \u20ac* pour la Totalit\u00e9 de l\u2019Action de Formation<br \/>\n*+10 \u20ac de support de m\u00e9morisation par Atelier (soit 110\u20ac)<br \/>\n<br \/>\n30% Acompte \u00e0 l\u2019inscription soit 558\u20ac<br \/>\n<br \/>\nPossibilit\u00e9 de payer le Solde apr\u00e8s acompte en :<br \/>\n<br \/>\n1 fois\u2026\u2026\u2026\u2026\u2026\u2026\u2026\u2026\u2026\u2026\u2026\u2026\u2026...1302\u20ac<br \/>\n3 fois\u2026\u2026\u2026\u2026\u2026\u2026\u2026\u2026\u2026\u2026.\u2026\u2026\u2026... 434\u20ac<br \/>\n5 fois\u2026\u2026\u2026\u2026\u2026\u2026\u2026\u2026\u2026\u2026\u2026\u2026\u2026... 280\u20ac**<br \/>\n10 fois\u2026\u2026\u2026\u2026\u2026\u2026\u2026\u2026\u2026\u2026\u2026\u2026.... 150\u20ac**<br \/>\n**Dont 20\u20ac frais\/mensuel<\/td>\n<\/tr>\n<\/tbody>\n<\/table>\n<br \/>\nCliquez <strong><a title=\"Pack Formation Th\u00e9rapie offre Expert\" href=\"http:\/\/coaching-developpement-personnel.fr\/Programme_de_Formation\/Pack-Therapies\/Programme-Offre-Expert.pdf\" target=\"_self\">ICI<\/a> <\/strong>pour t\u00e9l\u00e9charger le programme complet.<\/p>\n<p><a href=\"https:\/\/martine-clavelli.youcanbook.me\/\">Renseignements Formations: prenez un RDV t\u00e9l\u00e9phonique avec Martine Clavelli<\/a><\/p>\n<h1><a href=\"http:\/\/martine-clavelli.systeme.io\/49aa6c83\"><img decoding=\"async\" class=\"size-medium wp-image-5643 aligncenter\" src=\"http:\/\/la-revolution-therapie.universcghe.fr\/wp-content\/uploads\/2017\/05\/En-savoir-plus2-300x109.png\" alt=\"\" width=\"300\" height=\"109\" \/><\/a><\/h1>\n","protected":false},"excerpt":{"rendered":"<p>Cliquez ICI pour t\u00e9l\u00e9charger le programme complet. Renseignements Formations: prenez un RDV t\u00e9l\u00e9phonique avec Martine Clavelli<\/p>\n","protected":false},"author":1,"featured_media":0,"parent":0,"menu_order":0,"comment_status":"open","ping_status":"closed","template":"","meta":{"footnotes":""},"class_list":["post-595","page","type-page","status-publish","hentry"],"aioseo_notices":[],"_links":{"self":[{"href":"https:\/\/la-revolution-therapie.universcghe.fr\/cghe-dt\/wp-json\/wp\/v2\/pages\/595","targetHints":{"allow":["GET"]}}],"collection":[{"href":"https:\/\/la-revolution-therapie.universcghe.fr\/cghe-dt\/wp-json\/wp\/v2\/pages"}],"about":[{"href":"https:\/\/la-revolution-therapie.universcghe.fr\/cghe-dt\/wp-json\/wp\/v2\/types\/page"}],"author":[{"embeddable":true,"href":"https:\/\/la-revolution-therapie.universcghe.fr\/cghe-dt\/wp-json\/wp\/v2\/users\/1"}],"replies":[{"embeddable":true,"href":"https:\/\/la-revolution-therapie.universcghe.fr\/cghe-dt\/wp-json\/wp\/v2\/comments?post=595"}],"version-history":[{"count":0,"href":"https:\/\/la-revolution-therapie.universcghe.fr\/cghe-dt\/wp-json\/wp\/v2\/pages\/595\/revisions"}],"wp:attachment":[{"href":"https:\/\/la-revolution-therapie.universcghe.fr\/cghe-dt\/wp-json\/wp\/v2\/media?parent=595"}],"curies":[{"name":"wp","href":"https:\/\/api.w.org\/{rel}","templated":true}]}}