{"id":2580,"date":"2020-01-12T16:37:42","date_gmt":"2020-01-12T15:37:42","guid":{"rendered":"https:\/\/la-revolution-therapie.universcghe.fr\/reprogrammer-votre-cerveau-pour\/?page_id=2580"},"modified":"2020-05-07T17:44:18","modified_gmt":"2020-05-07T15:44:18","slug":"la-loi-du-clan","status":"publish","type":"page","link":"https:\/\/la-revolution-therapie.universcghe.fr\/reprogrammer-votre-cerveau-pour\/votre-espace-pour-attirer-labondance\/votre-espace-videos-pour-attirer-labondance-de\/la-loi-du-clan\/","title":{"rendered":"Hypnose La Loi du Clan"},"content":{"rendered":"<p style=\"text-align: left;\">\r\n<\/p>\n<h1 style=\"text-align: center;\"><span style=\"color: #d65311;\"><em><b>TON ESPACE HYPNOSE<\/b><\/em><\/span><\/h1>\n<p><img fetchpriority=\"high\" fetchpriority=\"high\" decoding=\"async\" class=\"alignnone size-full wp-image-2587\" src=\"https:\/\/la-revolution-therapie.universcghe.fr\/reprogrammer-votre-cerveau-pour\/wp-content\/uploads\/sites\/11\/2020\/01\/Image15.png\" alt=\"\" width=\"1914\" height=\"372\" srcset=\"https:\/\/la-revolution-therapie.universcghe.fr\/reprogrammer-votre-cerveau-pour\/wp-content\/uploads\/sites\/11\/2020\/01\/Image15.png 1914w, https:\/\/la-revolution-therapie.universcghe.fr\/reprogrammer-votre-cerveau-pour\/wp-content\/uploads\/sites\/11\/2020\/01\/Image15-1280x249.png 1280w, https:\/\/la-revolution-therapie.universcghe.fr\/reprogrammer-votre-cerveau-pour\/wp-content\/uploads\/sites\/11\/2020\/01\/Image15-980x190.png 980w, https:\/\/la-revolution-therapie.universcghe.fr\/reprogrammer-votre-cerveau-pour\/wp-content\/uploads\/sites\/11\/2020\/01\/Image15-480x93.png 480w\" sizes=\"(min-width: 0px) and (max-width: 480px) 480px, (min-width: 481px) and (max-width: 980px) 980px, (min-width: 981px) and (max-width: 1280px) 1280px, (min-width: 1281px) 1914px, 100vw\" \/><\/p>\n<p style=\"text-align: left;\"><span style=\"color: #ff0000;\">Si par le pass\u00e9 ou dans le pr\u00e9sent Ta Relation \u00e0 Toi M&rsquo;Aime est d\u00e9s\u00e9quilibr\u00e9e, conflictuelle, n\u00e9gative, Tout Comme Celle avec Tes Racines&#8230;Cette Hypnose est Faite pour Toi, Pour Te R\u00e9concilier avec Toi M&rsquo;Aime, Prendre Ta Juste Place, Te Lib\u00e9rer des Fid\u00e9lit\u00e9s Limitantes des G\u00e9n\u00e9rations Pr\u00e9c\u00e9dentes et T&rsquo;Enrichir de Toutes les Bonnes Ressources !!!&#8230;<\/span><\/p>\n<p style=\"text-align: center;\"><span style=\"color: #ff0000;\"><br \/>\n<\/span><strong><span style=\"color: #ff0000;\">OSE&#8230;AUTORISE-TOI LA R\u00c9CONCILIATION !!!&#8230;<\/span><\/strong><\/p>\n<p><img decoding=\"async\" class=\"wp-image-2588 aligncenter\" src=\"https:\/\/la-revolution-therapie.universcghe.fr\/reprogrammer-votre-cerveau-pour\/wp-content\/uploads\/sites\/11\/2020\/01\/clan-mini.png\" alt=\"\" width=\"328\" height=\"306\" \/><\/p>\n<\/p>\n<p style=\"text-align: center;\"><span style=\"color: #ff0000;\"><em><strong>Ce Contenu est r\u00e9serv\u00e9<\/strong><\/em><\/span><br \/>\n<span style=\"color: #0000ff;\"><em><strong> Pour Ac<span style=\"color: #0000ff;\">c\u00e9der \u00e0 Cette S\u00e9ance d&rsquo;Hypnose<\/span>\u00a0!!!&#8230;<\/strong><\/em><\/span><\/p>\n<p style=\"text-align: center;\"><a href=\"http:\/\/la-revolution-therapie.universcghe.fr\/reprogrammer-votre-cerveau-pour\/page-de-choix-videos-subliminales-pt\/\"><img decoding=\"async\" class=\"alignnone wp-image-2270\" src=\"http:\/\/la-revolution-therapie.universcghe.fr\/reprogrammer-votre-cerveau-pour\/wp-content\/uploads\/sites\/11\/2019\/12\/Image3.png\" alt=\"\" width=\"140\" height=\"59\" \/><\/a><\/p>\n<p style=\"text-align: center;\"><span style=\"color: #ff0000;\"><em><strong><span style=\"color: #0000ff;\">OU<\/span><br \/>\nPour Acc\u00e9der \u00e0 l&rsquo;ensemble des S\u00e9ances d&rsquo;Hypnose \u00e0 un tarif Pr\u00e9f\u00e9rentiel<\/strong><\/em><\/span><\/p>\n<p><a href=\"http:\/\/la-revolution-therapie.universcghe.fr\/reprogrammer-votre-cerveau-pour\/page-de-choix_pack-des-packs-videos\/\"><img loading=\"lazy\" loading=\"lazy\" decoding=\"async\" class=\"wp-image-2270 aligncenter\" src=\"http:\/\/la-revolution-therapie.universcghe.fr\/reprogrammer-votre-cerveau-pour\/wp-content\/uploads\/sites\/11\/2019\/12\/Image3.png\" alt=\"\" width=\"140\" height=\"59\" \/><\/a><\/p>\n<p style=\"text-align: center;\"><span style=\"color: #ff0000;\"><span style=\"color: #0000ff;\"><em><strong>ET\/<\/strong><\/em><\/span><em><strong><span style=\"color: #0000ff;\">OU<\/span><br \/>\n<\/strong><\/em><\/span><em style=\"color: #ff0000;\"><strong>Pour B\u00e9n\u00e9ficier des Prochaines Offres Sp\u00e9ciales !!!&#8230;<\/strong><\/em><\/p>\n<p style=\"text-align: center;\"><a href=\"https:\/\/martine-clavelli.systeme.io\/7b0d8240\"><img loading=\"lazy\" loading=\"lazy\" decoding=\"async\" class=\"alignnone wp-image-2271\" src=\"http:\/\/la-revolution-therapie.universcghe.fr\/reprogrammer-votre-cerveau-pour\/wp-content\/uploads\/sites\/11\/2019\/12\/je-mincris.png\" alt=\"\" width=\"140\" height=\"63\" \/><\/a><\/p>\n<p>\n<\/form>\n","protected":false},"excerpt":{"rendered":"<p>TON ESPACE HYPNOSE Si par le pass\u00e9 ou dans le pr\u00e9sent Ta Relation \u00e0 Toi M&rsquo;Aime est d\u00e9s\u00e9quilibr\u00e9e, conflictuelle, n\u00e9gative, Tout Comme Celle avec Tes Racines&#8230;Cette Hypnose est Faite pour Toi, Pour Te R\u00e9concilier avec Toi M&rsquo;Aime, Prendre Ta Juste Place, Te Lib\u00e9rer des Fid\u00e9lit\u00e9s Limitantes des G\u00e9n\u00e9rations Pr\u00e9c\u00e9dentes et T&rsquo;Enrichir de Toutes les Bonnes [&hellip;]<\/p>\n","protected":false},"author":1,"featured_media":0,"parent":785,"menu_order":0,"comment_status":"closed","ping_status":"closed","template":"","meta":{"_et_pb_use_builder":"","_et_pb_old_content":"","_et_gb_content_width":"","footnotes":""},"class_list":["post-2580","page","type-page","status-publish","hentry"],"aioseo_notices":[],"_links":{"self":[{"href":"https:\/\/la-revolution-therapie.universcghe.fr\/reprogrammer-votre-cerveau-pour\/wp-json\/wp\/v2\/pages\/2580","targetHints":{"allow":["GET"]}}],"collection":[{"href":"https:\/\/la-revolution-therapie.universcghe.fr\/reprogrammer-votre-cerveau-pour\/wp-json\/wp\/v2\/pages"}],"about":[{"href":"https:\/\/la-revolution-therapie.universcghe.fr\/reprogrammer-votre-cerveau-pour\/wp-json\/wp\/v2\/types\/page"}],"author":[{"embeddable":true,"href":"https:\/\/la-revolution-therapie.universcghe.fr\/reprogrammer-votre-cerveau-pour\/wp-json\/wp\/v2\/users\/1"}],"replies":[{"embeddable":true,"href":"https:\/\/la-revolution-therapie.universcghe.fr\/reprogrammer-votre-cerveau-pour\/wp-json\/wp\/v2\/comments?post=2580"}],"version-history":[{"count":0,"href":"https:\/\/la-revolution-therapie.universcghe.fr\/reprogrammer-votre-cerveau-pour\/wp-json\/wp\/v2\/pages\/2580\/revisions"}],"up":[{"embeddable":true,"href":"https:\/\/la-revolution-therapie.universcghe.fr\/reprogrammer-votre-cerveau-pour\/wp-json\/wp\/v2\/pages\/785"}],"wp:attachment":[{"href":"https:\/\/la-revolution-therapie.universcghe.fr\/reprogrammer-votre-cerveau-pour\/wp-json\/wp\/v2\/media?parent=2580"}],"curies":[{"name":"wp","href":"https:\/\/api.w.org\/{rel}","templated":true}]}}